{"id":1195,"date":"2013-04-05T16:38:18","date_gmt":"2013-04-05T16:38:18","guid":{"rendered":"http:\/\/www.kriesi.at\/themes\/enfold\/?page_id=1195"},"modified":"2015-05-06T23:52:17","modified_gmt":"2015-05-06T23:52:17","slug":"empresa","status":"publish","type":"page","link":"https:\/\/www.grupovitropanel.com\/grupovitropanel\/empresa\/","title":{"rendered":"Nosotros"},"content":{"rendered":"<p>[av_three_fifth first]<br \/>\n[av_heading heading=&#8217;Grupo Vitropanel&#8217; tag=&#8217;h1&#8242; style=&#8217;blockquote modern-quote&#8217; size=&#8221; subheading_active=&#8221; subheading_size=&#8217;10&#8217; padding=&#8217;10&#8217; color=&#8221; custom_font=&#8221;][\/av_heading]<\/p>\n<p>[av_textblock size=&#8221; font_color=&#8221; color=&#8221;]<br \/>\n<strong>Grupo Vitropanel<\/strong> es una empresa con m\u00e1s de cuarenta a\u00f1os de experiencia en el mercado, cuyo objetivo es brindar un servicio integral en el ramo vidriero, as\u00ed como el de responder a la creciente necesidad de cristal para la construcci\u00f3n en el pa\u00eds.<\/p>\n<p>Contamos con la infraestructura\u00a0de m\u00e1s de 8,000 m2 entre \u00e1reas administrativas y de producci\u00f3n y la maquinaria\u00a0necesaria para brindar estos servicios integrales de una manera accesible, confiable y con la mejor calidad y servicio.<\/p>\n<p>Tambi\u00e9n contamos con m\u00e1s de 30 unidades de carga\u00a0para transporte.<\/p>\n<p>La\u00a0planta, ubicada en la ciudad de Quer\u00e9taro desde 2010, es la primera en el estado con su propio horno, el m\u00e1s moderno de la regi\u00f3n y cuenta con todas las certificaciones requeridas. Por su sistema de convecci\u00f3n, se pueden templar vidios low-e hasta de dos capas.<\/p>\n<h4><\/h4>\n<p>[\/av_textblock]<br \/>\n[\/av_three_fifth]<\/p>\n<p>[av_two_fifth]<br \/>\n[av_image src=&#8217;http:\/\/www.grupovitropanel.com\/grupovitropanel\/wp-content\/uploads\/2013\/04\/empresa.jpg&#8217; attachment=&#8217;3495&#8242; attachment_size=&#8217;full&#8217; align=&#8221; animation=&#8217;right-to-left&#8217; styling=&#8221; hover=&#8221; link=&#8221; target=&#8221; caption=&#8221; font_size=&#8221; appearance=&#8221; overlay_opacity=&#8217;0.4&#8242; overlay_color=&#8217;#000000&#8242; overlay_text_color=&#8217;#ffffff&#8217;][\/av_image]<br \/>\n[\/av_two_fifth]<\/p>\n<p>[av_one_third first]<br \/>\n[av_iconlist position=&#8217;left&#8217; font_color=&#8221; custom_title=&#8221; custom_content=&#8221; color=&#8221; custom_bg=&#8221; custom_font=&#8221; custom_border=&#8221;]<br \/>\n[av_iconlist_item title=&#8217;Historia&#8217; link=&#8217;page,3570&#8242; linktarget=&#8221; linkelement=&#8221; icon=&#8217;ue875&#8242; font=&#8217;entypo-fontello&#8217;][\/av_iconlist_item]<\/p>\n<p>[\/av_iconlist]<br \/>\n[\/av_one_third]<\/p>\n<p>[av_one_third]<br \/>\n[av_iconlist position=&#8217;left&#8217; font_color=&#8221; custom_title=&#8221; custom_content=&#8221; color=&#8221; custom_bg=&#8221; custom_font=&#8221; custom_border=&#8221;]<br \/>\n[av_iconlist_item title=&#8217;Certificaciones&#8217; link=&#8217;page,3462&#8242; linktarget=&#8221; linkelement=&#8221; icon=&#8217;ue875&#8242; font=&#8217;entypo-fontello&#8217;][\/av_iconlist_item]<\/p>\n<p>[\/av_iconlist]<br \/>\n[\/av_one_third]<\/p>\n<p>[av_hr class=&#8217;full&#8217; height=&#8217;50&#8217; shadow=&#8217;shadow&#8217; position=&#8217;center&#8217; custom_border=&#8217;av-border-thin&#8217; custom_width=&#8217;100%&#8217; custom_border_color=&#8217;#777777&#8242; custom_margin_top=&#8217;5px&#8217; custom_margin_bottom=&#8217;5px&#8217; icon_select=&#8217;no&#8217; custom_icon_color=&#8221; icon=&#8217;ue808&#8242; font=&#8217;entypo-fontello&#8217;]<\/p>\n<p>[av_one_full first]<br \/>\n[av_heading heading=&#8217;Nuestra misi\u00f3n&#8217; tag=&#8217;h3&#8242; style=&#8217;blockquote modern-quote&#8217; size=&#8221; subheading_active=&#8221; subheading_size=&#8217;10&#8217; padding=&#8217;0&#8242; color=&#8217;custom-color-heading&#8217; custom_font=&#8217;#b02b2c&#8217;][\/av_heading]<\/p>\n<p>[av_textblock size=&#8221; font_color=&#8221; color=&#8221;]<br \/>\nSatisfacer las necesidades y expectativas de nuestros clientes y usuarios con los productos de la m\u00e1s alta calidad y vanguardia en el ramo del vidrio para la construcci\u00f3n.<br \/>\n[\/av_textblock]<\/p>\n<p>[av_heading heading=&#8217;Nuestra visi\u00f3n&#8217; tag=&#8217;h3&#8242; style=&#8217;blockquote modern-quote&#8217; size=&#8221; subheading_active=&#8221; subheading_size=&#8217;10&#8217; padding=&#8217;0&#8242; color=&#8217;custom-color-heading&#8217; custom_font=&#8217;#b02b2c&#8217;][\/av_heading]<\/p>\n<p>[av_textblock size=&#8221; font_color=&#8221; color=&#8221;]<br \/>\nSer el principal productor de cristal templado en la regi\u00f3n, y contar con la infraestructura en maquinaria e instalaciones m\u00e1s modernas en el centro del pa\u00eds.<br \/>\n[\/av_textblock]<\/p>\n<p>[av_heading heading=&#8217;Capital humano&#8217; tag=&#8217;h3&#8242; style=&#8217;blockquote modern-quote&#8217; size=&#8221; subheading_active=&#8221; subheading_size=&#8217;10&#8217; padding=&#8217;0&#8242; color=&#8217;custom-color-heading&#8217; custom_font=&#8217;#b02b2c&#8217;][\/av_heading]<\/p>\n<p>[av_textblock size=&#8221; font_color=&#8221; color=&#8221;]<br \/>\nContamos con m\u00e1s de 90 empleados encargados del \u00e1rea de producci\u00f3n e instalaci\u00f3n. Los cuales se encuentran en constante capacitaci\u00f3n y actualizaci\u00f3n.<br \/>\nEn el \u00e1rea administrativa, contamos con m\u00e1s de 35 empleados con t\u00edtulos en ingenier\u00edas, arquitectura y licenciaturas en general.<br \/>\n[\/av_textblock]<br \/>\n[\/av_one_full]<\/p>\n","protected":false},"excerpt":{"rendered":"<p>[av_three_fifth first] [av_heading heading=&#8217;Grupo Vitropanel&#8217; tag=&#8217;h1&#8242; style=&#8217;blockquote modern-quote&#8217; size=&#8221; subheading_active=&#8221; subheading_size=&#8217;10&#8217; padding=&#8217;10&#8217; color=&#8221; custom_font=&#8221;][\/av_heading] [av_textblock size=&#8221; font_color=&#8221; color=&#8221;] Grupo Vitropanel es una empresa con m\u00e1s de cuarenta a\u00f1os de experiencia en el mercado, cuyo objetivo es brindar un servicio integral en el ramo vidriero, as\u00ed como el de responder a la creciente necesidad de cristal &hellip; <a href=\"https:\/\/www.grupovitropanel.com\/grupovitropanel\/empresa\/\" class=\"more-link\">Seguir leyendo <span class=\"screen-reader-text\">Nosotros<\/span> <span class=\"meta-nav\">&rarr;<\/span><\/a><\/p>\n","protected":false},"author":2,"featured_media":0,"parent":0,"menu_order":0,"comment_status":"open","ping_status":"closed","template":"","meta":{"nf_dc_page":"","footnotes":""},"class_list":["post-1195","page","type-page","status-publish","hentry"],"yoast_head":"<!-- This site is optimized with the Yoast SEO plugin v26.9 - https:\/\/yoast.com\/product\/yoast-seo-wordpress\/ -->\n<title>Nosotros - Grupo Vitropanel<\/title>\n<meta name=\"robots\" content=\"index, follow, max-snippet:-1, max-image-preview:large, max-video-preview:-1\" \/>\n<link rel=\"canonical\" href=\"https:\/\/www.grupovitropanel.com\/grupovitropanel\/empresa\/\" \/>\n<meta property=\"og:locale\" content=\"es_ES\" \/>\n<meta property=\"og:type\" content=\"article\" \/>\n<meta property=\"og:title\" content=\"Nosotros - Grupo Vitropanel\" \/>\n<meta property=\"og:description\" content=\"[av_three_fifth first] [av_heading heading=&#8217;Grupo Vitropanel&#8217; tag=&#8217;h1&#8242; style=&#8217;blockquote modern-quote&#8217; size=&#8221; subheading_active=&#8221; subheading_size=&#8217;10&#8217; padding=&#8217;10&#8217; color=&#8221; custom_font=&#8221;][\/av_heading] [av_textblock size=&#8221; font_color=&#8221; color=&#8221;] Grupo Vitropanel es una empresa con m\u00e1s de cuarenta a\u00f1os de experiencia en el mercado, cuyo objetivo es brindar un servicio integral en el ramo vidriero, as\u00ed como el de responder a la creciente necesidad de cristal &hellip; Seguir leyendo Nosotros &rarr;\" \/>\n<meta property=\"og:url\" content=\"https:\/\/www.grupovitropanel.com\/grupovitropanel\/empresa\/\" \/>\n<meta property=\"og:site_name\" content=\"Grupo Vitropanel\" \/>\n<meta property=\"article:modified_time\" content=\"2015-05-06T23:52:17+00:00\" \/>\n<meta name=\"twitter:card\" content=\"summary_large_image\" \/>\n<meta name=\"twitter:label1\" content=\"Tiempo de lectura\" \/>\n\t<meta name=\"twitter:data1\" content=\"3 minutos\" \/>\n<script type=\"application\/ld+json\" class=\"yoast-schema-graph\">{\"@context\":\"https:\/\/schema.org\",\"@graph\":[{\"@type\":\"WebPage\",\"@id\":\"https:\/\/www.grupovitropanel.com\/grupovitropanel\/empresa\/\",\"url\":\"https:\/\/www.grupovitropanel.com\/grupovitropanel\/empresa\/\",\"name\":\"Nosotros - Grupo Vitropanel\",\"isPartOf\":{\"@id\":\"https:\/\/www.grupovitropanel.com\/grupovitropanel\/#website\"},\"datePublished\":\"2013-04-05T16:38:18+00:00\",\"dateModified\":\"2015-05-06T23:52:17+00:00\",\"inLanguage\":\"es\",\"potentialAction\":[{\"@type\":\"ReadAction\",\"target\":[\"https:\/\/www.grupovitropanel.com\/grupovitropanel\/empresa\/\"]}]},{\"@type\":\"WebSite\",\"@id\":\"https:\/\/www.grupovitropanel.com\/grupovitropanel\/#website\",\"url\":\"https:\/\/www.grupovitropanel.com\/grupovitropanel\/\",\"name\":\"Grupo Vitropanel\",\"description\":\"Grupo Vitropanel\",\"potentialAction\":[{\"@type\":\"SearchAction\",\"target\":{\"@type\":\"EntryPoint\",\"urlTemplate\":\"https:\/\/www.grupovitropanel.com\/grupovitropanel\/?s={search_term_string}\"},\"query-input\":{\"@type\":\"PropertyValueSpecification\",\"valueRequired\":true,\"valueName\":\"search_term_string\"}}],\"inLanguage\":\"es\"}]}<\/script>\n<!-- \/ Yoast SEO plugin. -->","yoast_head_json":{"title":"Nosotros - Grupo Vitropanel","robots":{"index":"index","follow":"follow","max-snippet":"max-snippet:-1","max-image-preview":"max-image-preview:large","max-video-preview":"max-video-preview:-1"},"canonical":"https:\/\/www.grupovitropanel.com\/grupovitropanel\/empresa\/","og_locale":"es_ES","og_type":"article","og_title":"Nosotros - Grupo Vitropanel","og_description":"[av_three_fifth first] [av_heading heading=&#8217;Grupo Vitropanel&#8217; tag=&#8217;h1&#8242; style=&#8217;blockquote modern-quote&#8217; size=&#8221; subheading_active=&#8221; subheading_size=&#8217;10&#8217; padding=&#8217;10&#8217; color=&#8221; custom_font=&#8221;][\/av_heading] [av_textblock size=&#8221; font_color=&#8221; color=&#8221;] Grupo Vitropanel es una empresa con m\u00e1s de cuarenta a\u00f1os de experiencia en el mercado, cuyo objetivo es brindar un servicio integral en el ramo vidriero, as\u00ed como el de responder a la creciente necesidad de cristal &hellip; Seguir leyendo Nosotros &rarr;","og_url":"https:\/\/www.grupovitropanel.com\/grupovitropanel\/empresa\/","og_site_name":"Grupo Vitropanel","article_modified_time":"2015-05-06T23:52:17+00:00","twitter_card":"summary_large_image","twitter_misc":{"Tiempo de lectura":"3 minutos"},"schema":{"@context":"https:\/\/schema.org","@graph":[{"@type":"WebPage","@id":"https:\/\/www.grupovitropanel.com\/grupovitropanel\/empresa\/","url":"https:\/\/www.grupovitropanel.com\/grupovitropanel\/empresa\/","name":"Nosotros - Grupo Vitropanel","isPartOf":{"@id":"https:\/\/www.grupovitropanel.com\/grupovitropanel\/#website"},"datePublished":"2013-04-05T16:38:18+00:00","dateModified":"2015-05-06T23:52:17+00:00","inLanguage":"es","potentialAction":[{"@type":"ReadAction","target":["https:\/\/www.grupovitropanel.com\/grupovitropanel\/empresa\/"]}]},{"@type":"WebSite","@id":"https:\/\/www.grupovitropanel.com\/grupovitropanel\/#website","url":"https:\/\/www.grupovitropanel.com\/grupovitropanel\/","name":"Grupo Vitropanel","description":"Grupo Vitropanel","potentialAction":[{"@type":"SearchAction","target":{"@type":"EntryPoint","urlTemplate":"https:\/\/www.grupovitropanel.com\/grupovitropanel\/?s={search_term_string}"},"query-input":{"@type":"PropertyValueSpecification","valueRequired":true,"valueName":"search_term_string"}}],"inLanguage":"es"}]}},"_links":{"self":[{"href":"https:\/\/www.grupovitropanel.com\/grupovitropanel\/wp-json\/wp\/v2\/pages\/1195","targetHints":{"allow":["GET"]}}],"collection":[{"href":"https:\/\/www.grupovitropanel.com\/grupovitropanel\/wp-json\/wp\/v2\/pages"}],"about":[{"href":"https:\/\/www.grupovitropanel.com\/grupovitropanel\/wp-json\/wp\/v2\/types\/page"}],"author":[{"embeddable":true,"href":"https:\/\/www.grupovitropanel.com\/grupovitropanel\/wp-json\/wp\/v2\/users\/2"}],"replies":[{"embeddable":true,"href":"https:\/\/www.grupovitropanel.com\/grupovitropanel\/wp-json\/wp\/v2\/comments?post=1195"}],"version-history":[{"count":43,"href":"https:\/\/www.grupovitropanel.com\/grupovitropanel\/wp-json\/wp\/v2\/pages\/1195\/revisions"}],"predecessor-version":[{"id":3622,"href":"https:\/\/www.grupovitropanel.com\/grupovitropanel\/wp-json\/wp\/v2\/pages\/1195\/revisions\/3622"}],"wp:attachment":[{"href":"https:\/\/www.grupovitropanel.com\/grupovitropanel\/wp-json\/wp\/v2\/media?parent=1195"}],"curies":[{"name":"wp","href":"https:\/\/api.w.org\/{rel}","templated":true}]}}